{"id":27,"date":"2025-01-22T14:44:48","date_gmt":"2025-01-22T13:44:48","guid":{"rendered":"https:\/\/skolanaceste.cz\/zakladni-skola\/?page_id=27"},"modified":"2025-12-13T11:34:30","modified_gmt":"2025-12-13T10:34:30","slug":"dokumenty-k-prijeti","status":"publish","type":"page","link":"https:\/\/skolanaceste.cz\/zakladni-skola\/dokumenty-k-prijeti\/","title":{"rendered":"Dokumenty k p\u0159ijet\u00ed"},"content":{"rendered":"\n<p><strong>Ke sta\u017een\u00ed:<\/strong><\/p>\n\n\n\n<ul class=\"wp-block-list\">\n<li><u><a href=\"https:\/\/skolanaceste.cz\/wp-content\/uploads\/2025\/10\/Zadost-o-prijeti-k-zakladnimu-vzdelavani-U-Stadionu-2025_2026.pdf\">\u017d\u00e1dost o p\u0159ijet\u00ed k z\u00e1kladn\u00edmu vzd\u011bl\u00e1v\u00e1n\u00ed<\/a><\/u><\/li>\n\n\n\n<li><a href=\"https:\/\/skolanaceste.cz\/zakladni-skola\/wp-content\/uploads\/sites\/3\/2025\/11\/Evidencni-list-ZS.pdf\">Eviden\u010dn\u00ed list<\/a><\/li>\n\n\n\n<li>Smlouva o poskytov\u00e1n\u00ed vzd\u011bl\u00e1v\u00e1n\u00ed &#8211;  n\u00e1vrh smlouvy za\u0161leme na vy\u017e\u00e1d\u00e1n\u00ed<\/li>\n<\/ul>\n\n\n\n<hr class=\"wp-block-separator has-alpha-channel-opacity\" \/>\n\n\n\n<p><strong>Postup k p\u0159ijet\u00ed do z\u00e1kladn\u00ed \u0161koly naleznete<\/strong>&nbsp;<strong><u><a href=\"\/zakladni-skola\/zapis-do-zakladni-skoly\/\">zde<\/a><\/u><\/strong>.<\/p>\n\n\n\n<p><\/p>\n","protected":false},"excerpt":{"rendered":"<p>Ke sta\u017een\u00ed: Postup k p\u0159ijet\u00ed do z\u00e1kladn\u00ed \u0161koly naleznete&nbsp;zde.<\/p>\n","protected":false},"author":1,"featured_media":69,"parent":0,"menu_order":0,"comment_status":"closed","ping_status":"closed","template":"","meta":{"_acf_changed":false,"footnotes":""},"class_list":["post-27","page","type-page","status-publish","has-post-thumbnail","hentry"],"acf":[],"_links":{"self":[{"href":"https:\/\/skolanaceste.cz\/zakladni-skola\/wp-json\/wp\/v2\/pages\/27","targetHints":{"allow":["GET"]}}],"collection":[{"href":"https:\/\/skolanaceste.cz\/zakladni-skola\/wp-json\/wp\/v2\/pages"}],"about":[{"href":"https:\/\/skolanaceste.cz\/zakladni-skola\/wp-json\/wp\/v2\/types\/page"}],"author":[{"embeddable":true,"href":"https:\/\/skolanaceste.cz\/zakladni-skola\/wp-json\/wp\/v2\/users\/1"}],"replies":[{"embeddable":true,"href":"https:\/\/skolanaceste.cz\/zakladni-skola\/wp-json\/wp\/v2\/comments?post=27"}],"version-history":[{"count":5,"href":"https:\/\/skolanaceste.cz\/zakladni-skola\/wp-json\/wp\/v2\/pages\/27\/revisions"}],"predecessor-version":[{"id":239,"href":"https:\/\/skolanaceste.cz\/zakladni-skola\/wp-json\/wp\/v2\/pages\/27\/revisions\/239"}],"wp:featuredmedia":[{"embeddable":true,"href":"https:\/\/skolanaceste.cz\/zakladni-skola\/wp-json\/wp\/v2\/media\/69"}],"wp:attachment":[{"href":"https:\/\/skolanaceste.cz\/zakladni-skola\/wp-json\/wp\/v2\/media?parent=27"}],"curies":[{"name":"wp","href":"https:\/\/api.w.org\/{rel}","templated":true}]}}